[INFO] cloning repository https://github.com/AYCH-Inc/aych.bit.grinwallet
[INFO] running `Command { std: "git" "-c" "credential.helper=" "-c" "credential.helper=/workspace/cargo-home/bin/git-credential-null" "clone" "--bare" "https://github.com/AYCH-Inc/aych.bit.grinwallet" "/workspace/cache/git-repos/https%3A%2F%2Fgithub.com%2FAYCH-Inc%2Faych.bit.grinwallet", kill_on_drop: false }`
[INFO] [stderr] Cloning into bare repository '/workspace/cache/git-repos/https%3A%2F%2Fgithub.com%2FAYCH-Inc%2Faych.bit.grinwallet'...
[INFO] running `Command { std: "git" "rev-parse" "HEAD", kill_on_drop: false }`
[INFO] [stdout] 21dd3d53770f301353f124a8271ae96ab761ba93
[INFO] checking AYCH-Inc/aych.bit.grinwallet against master#af3c6e733a40e671550e0f0f5aeecaa13772ba56 for pr-74989
[INFO] running `Command { std: "git" "clone" "/workspace/cache/git-repos/https%3A%2F%2Fgithub.com%2FAYCH-Inc%2Faych.bit.grinwallet" "/workspace/builds/worker-9/source", kill_on_drop: false }`
[INFO] [stderr] Cloning into '/workspace/builds/worker-9/source'...
[INFO] [stderr] done.
[INFO] validating manifest of git repo https://github.com/AYCH-Inc/aych.bit.grinwallet on toolchain af3c6e733a40e671550e0f0f5aeecaa13772ba56
[INFO] running `Command { std: "/workspace/cargo-home/bin/cargo" "+af3c6e733a40e671550e0f0f5aeecaa13772ba56" "read-manifest" "--manifest-path" "Cargo.toml", kill_on_drop: false }`
[INFO] removed /workspace/builds/worker-9/source/.cargo/config
[INFO] started tweaking git repo https://github.com/AYCH-Inc/aych.bit.grinwallet
[INFO] removed workspace from git repo https://github.com/AYCH-Inc/aych.bit.grinwallet
[INFO] removed path dependency grin_wallet_api from git repo https://github.com/AYCH-Inc/aych.bit.grinwallet
[INFO] removed path dependency grin_wallet_config from git repo https://github.com/AYCH-Inc/aych.bit.grinwallet
[INFO] removed path dependency grin_wallet_controller from git repo https://github.com/AYCH-Inc/aych.bit.grinwallet
[INFO] removed path dependency grin_wallet_impls from git repo https://github.com/AYCH-Inc/aych.bit.grinwallet
[INFO] removed path dependency grin_wallet_libwallet from git repo https://github.com/AYCH-Inc/aych.bit.grinwallet
[INFO] removed path dependency grin_wallet_util from git repo https://github.com/AYCH-Inc/aych.bit.grinwallet
[INFO] finished tweaking git repo https://github.com/AYCH-Inc/aych.bit.grinwallet
[INFO] tweaked toml for git repo https://github.com/AYCH-Inc/aych.bit.grinwallet written to /workspace/builds/worker-9/source/Cargo.toml
[INFO] crate git repo https://github.com/AYCH-Inc/aych.bit.grinwallet already has a lockfile, it will not be regenerated
[INFO] running `Command { std: "/workspace/cargo-home/bin/cargo" "+af3c6e733a40e671550e0f0f5aeecaa13772ba56" "fetch" "--locked" "--manifest-path" "Cargo.toml", kill_on_drop: false }`
[INFO] [stderr]     Updating crates.io index
[INFO] [stderr] error: the lock file /workspace/builds/worker-9/source/Cargo.lock needs to be updated but --locked was passed to prevent this
[INFO] [stderr] If you want to try to generate the lock file without accessing the network, use the --offline flag.
[INFO] the lockfile is outdated, regenerating it
[INFO] running `Command { std: "/workspace/cargo-home/bin/cargo" "+af3c6e733a40e671550e0f0f5aeecaa13772ba56" "generate-lockfile" "--manifest-path" "Cargo.toml" "-Zno-index-update", kill_on_drop: false }`
[INFO] running `Command { std: "/workspace/cargo-home/bin/cargo" "+af3c6e733a40e671550e0f0f5aeecaa13772ba56" "fetch" "--locked" "--manifest-path" "Cargo.toml", kill_on_drop: false }`
[INFO] running `Command { std: "docker" "create" "-v" "/var/lib/crater-agent-workspace/builds/worker-9/target:/opt/rustwide/target:rw,Z" "-v" "/var/lib/crater-agent-workspace/builds/worker-9/source:/opt/rustwide/workdir:ro,Z" "-v" "/var/lib/crater-agent-workspace/cargo-home:/opt/rustwide/cargo-home:ro,Z" "-v" "/var/lib/crater-agent-workspace/rustup-home:/opt/rustwide/rustup-home:ro,Z" "-e" "SOURCE_DIR=/opt/rustwide/workdir" "-e" "CARGO_TARGET_DIR=/opt/rustwide/target" "-e" "CARGO_HOME=/opt/rustwide/cargo-home" "-e" "RUSTUP_HOME=/opt/rustwide/rustup-home" "-w" "/opt/rustwide/workdir" "-m" "1610612736" "--user" "0:0" "--network" "none" "rustops/crates-build-env@sha256:d92eaeed33fa75130ca1ee6c8a01d1ffb62bac859dfdfb3450e3e5d1c0146529" "/opt/rustwide/cargo-home/bin/cargo" "+af3c6e733a40e671550e0f0f5aeecaa13772ba56" "metadata" "--no-deps" "--format-version=1", kill_on_drop: false }`
[INFO] [stderr] WARNING: Your kernel does not support swap limit capabilities or the cgroup is not mounted. Memory limited without swap.
[INFO] [stdout] 98c3178b3694dc440c6cf91eb05580fc9a23ea05d3982f3cc41ba54114511291
[INFO] running `Command { std: "docker" "start" "-a" "98c3178b3694dc440c6cf91eb05580fc9a23ea05d3982f3cc41ba54114511291", kill_on_drop: false }`
[INFO] running `Command { std: "docker" "inspect" "98c3178b3694dc440c6cf91eb05580fc9a23ea05d3982f3cc41ba54114511291", kill_on_drop: false }`
[INFO] running `Command { std: "docker" "rm" "-f" "98c3178b3694dc440c6cf91eb05580fc9a23ea05d3982f3cc41ba54114511291", kill_on_drop: false }`
[INFO] [stdout] 98c3178b3694dc440c6cf91eb05580fc9a23ea05d3982f3cc41ba54114511291
[INFO] running `Command { std: "docker" "create" "-v" "/var/lib/crater-agent-workspace/builds/worker-9/target:/opt/rustwide/target:rw,Z" "-v" "/var/lib/crater-agent-workspace/builds/worker-9/source:/opt/rustwide/workdir:ro,Z" "-v" "/var/lib/crater-agent-workspace/cargo-home:/opt/rustwide/cargo-home:ro,Z" "-v" "/var/lib/crater-agent-workspace/rustup-home:/opt/rustwide/rustup-home:ro,Z" "-e" "SOURCE_DIR=/opt/rustwide/workdir" "-e" "CARGO_TARGET_DIR=/opt/rustwide/target" "-e" "CARGO_INCREMENTAL=0" "-e" "RUST_BACKTRACE=full" "-e" "RUSTFLAGS=--cap-lints=forbid" "-e" "CARGO_HOME=/opt/rustwide/cargo-home" "-e" "RUSTUP_HOME=/opt/rustwide/rustup-home" "-w" "/opt/rustwide/workdir" "-m" "1610612736" "--user" "0:0" "--network" "none" "rustops/crates-build-env@sha256:d92eaeed33fa75130ca1ee6c8a01d1ffb62bac859dfdfb3450e3e5d1c0146529" "/opt/rustwide/cargo-home/bin/cargo" "+af3c6e733a40e671550e0f0f5aeecaa13772ba56" "check" "--frozen" "--all" "--all-targets" "--message-format=json", kill_on_drop: false }`
[INFO] [stderr] WARNING: Your kernel does not support swap limit capabilities or the cgroup is not mounted. Memory limited without swap.
[INFO] [stdout] 603597cb053a5bc904fb69a3da3652482f1b59ae3cbde490a701aa80a8f73e64
[INFO] running `Command { std: "docker" "start" "-a" "603597cb053a5bc904fb69a3da3652482f1b59ae3cbde490a701aa80a8f73e64", kill_on_drop: false }`
[INFO] [stderr]    Compiling libc v0.2.77
[INFO] [stderr]    Compiling autocfg v1.0.1
[INFO] [stderr]    Compiling proc-macro2 v1.0.21
[INFO] [stderr]    Compiling unicode-xid v0.2.1
[INFO] [stderr]    Compiling syn v1.0.40
[INFO] [stderr]     Checking cfg-if v0.1.10
[INFO] [stderr]    Compiling serde_derive v1.0.116
[INFO] [stderr]    Compiling serde v1.0.116
[INFO] [stderr]    Compiling log v0.4.11
[INFO] [stderr]     Checking lazy_static v1.4.0
[INFO] [stderr]    Compiling byteorder v1.3.4
[INFO] [stderr]    Compiling autocfg v0.1.7
[INFO] [stderr]    Compiling unicode-xid v0.1.0
[INFO] [stderr]    Compiling bitflags v1.2.1
[INFO] [stderr]    Compiling memchr v2.3.3
[INFO] [stderr]     Checking rand_core v0.4.2
[INFO] [stderr]     Checking slab v0.4.2
[INFO] [stderr]    Compiling proc-macro2 v0.4.30
[INFO] [stderr]    Compiling syn v0.15.44
[INFO] [stderr]    Compiling typenum v1.12.0
[INFO] [stderr]    Compiling ryu v1.0.5
[INFO] [stderr]     Checking safemem v0.3.3
[INFO] [stderr]    Compiling crc32fast v1.2.0
[INFO] [stderr]    Compiling unicode-width v0.1.8
[INFO] [stderr]    Compiling quick-error v1.2.3
[INFO] [stderr]     Checking adler v0.2.3
[INFO] [stderr]     Checking nodrop v0.1.14
[INFO] [stderr]    Compiling strsim v0.8.0
[INFO] [stderr]    Compiling yaml-rust v0.3.5
[INFO] [stderr]     Checking linked-hash-map v0.5.3
[INFO] [stderr]    Compiling vec_map v0.8.2
[INFO] [stderr]    Compiling ansi_term v0.11.0
[INFO] [stderr]    Compiling termcolor v1.1.0
[INFO] [stderr]    Compiling bindgen v0.37.4
[INFO] [stderr]    Compiling getrandom v0.1.15
[INFO] [stderr]     Checking constant_time_eq v0.1.5
[INFO] [stderr]     Checking arrayref v0.3.6
[INFO] [stderr]     Checking stable_deref_trait v1.2.0
[INFO] [stderr]     Checking byte-tools v0.2.0
[INFO] [stderr]     Checking siphasher v0.2.3
[INFO] [stderr]    Compiling peeking_take_while v0.1.2
[INFO] [stderr]     Checking gimli v0.22.0
[INFO] [stderr]    Compiling arrayvec v0.4.12
[INFO] [stderr]     Checking rustc-demangle v0.1.16
[INFO] [stderr]     Checking object v0.20.0
[INFO] [stderr]     Checking dtoa v0.4.6
[INFO] [stderr]     Checking odds v0.2.26
[INFO] [stderr]     Checking fake-simd v0.1.2
[INFO] [stderr]    Compiling failure_derive v0.1.8
[INFO] [stderr]     Checking untrusted v0.6.2
[INFO] [stderr]     Checking log-mdc v0.1.0
[INFO] [stderr]     Checking arc-swap v0.3.11
[INFO] [stderr]    Compiling gcc v0.3.55
[INFO] [stderr]     Checking antidote v1.0.0
[INFO] [stderr]     Checking ppv-lite86 v0.2.9
[INFO] [stderr]     Checking regex-syntax v0.6.18
[INFO] [stderr]     Checking supercow v0.1.0
[INFO] [stderr]     Checking tinyvec v0.3.4
[INFO] [stderr]     Checking bitflags v0.9.1
[INFO] [stderr]    Compiling pkg-config v0.3.18
[INFO] [stderr]     Checking matches v0.1.8
[INFO] [stderr]    Compiling unicode-segmentation v1.6.0
[INFO] [stderr]     Checking void v1.0.2
[INFO] [stderr]    Compiling nix v0.17.0
[INFO] [stderr]     Checking encode_unicode v0.3.6
[INFO] [stderr]     Checking tokio-service v0.1.0
[INFO] [stderr]     Checking tokio-sync v0.1.8
[INFO] [stderr]     Checking thread_local v1.0.1
[INFO] [stderr]    Compiling proc-macro2 v0.3.5
[INFO] [stderr]     Checking lock_api v0.3.4
[INFO] [stderr]     Checking rand_core v0.3.1
[INFO] [stderr]     Checking rand_jitter v0.1.4
[INFO] [stderr]    Compiling clang-sys v0.23.0
[INFO] [stderr]    Compiling textwrap v0.11.0
[INFO] [stderr]    Compiling humantime v1.3.0
[INFO] [stderr]     Checking miniz_oxide v0.4.1
[INFO] [stderr]    Compiling num-traits v0.2.12
[INFO] [stderr]    Compiling num-integer v0.1.43
[INFO] [stderr]    Compiling crossbeam-utils v0.7.2
[INFO] [stderr]    Compiling memoffset v0.5.5
[INFO] [stderr]    Compiling crossbeam-epoch v0.8.2
[INFO] [stderr]    Compiling num-iter v0.1.41
[INFO] [stderr]    Compiling num-bigint v0.2.6
[INFO] [stderr]    Compiling num-rational v0.2.4
[INFO] [stderr]    Compiling num-complex v0.2.4
[INFO] [stderr]    Compiling indexmap v1.6.0
[INFO] [stderr]    Compiling rand_chacha v0.1.1
[INFO] [stderr]    Compiling rand_pcg v0.1.2
[INFO] [stderr]    Compiling rand v0.6.5
[INFO] [stderr]     Checking unsafe-any v0.4.2
[INFO] [stderr]     Checking yaml-rust v0.4.4
[INFO] [stderr]     Checking lru-cache v0.1.2
[INFO] [stderr]     Checking owning_ref v0.4.1
[INFO] [stderr]     Checking block-buffer v0.3.3
[INFO] [stderr]     Checking phf_shared v0.7.24
[INFO] [stderr]     Checking arrayvec v0.3.25
[INFO] [stderr]     Checking unicode-bidi v0.3.4
[INFO] [stderr]    Compiling nom v4.2.3
[INFO] [stderr]     Checking unicode-normalization v0.1.13
[INFO] [stderr]     Checking rand_xorshift v0.1.1
[INFO] [stderr]     Checking rand_hc v0.1.0
[INFO] [stderr]     Checking rand_isaac v0.1.1
[INFO] [stderr]    Compiling heck v0.3.1
[INFO] [stderr]    Compiling quote v0.5.2
[INFO] [stderr]    Compiling liblmdb-sys v0.2.2
[INFO] [stderr]     Checking typemap v0.3.3
[INFO] [stderr]     Checking lock_api v0.1.5
[INFO] [stderr]    Compiling nix v0.7.0
[INFO] [stderr]     Checking phf v0.7.24
[INFO] [stderr]    Compiling parking_lot_core v0.3.1
[INFO] [stderr]     Checking smallvec v0.6.13
[INFO] [stderr]     Checking aho-corasick v0.7.13
[INFO] [stderr]     Checking base64 v0.9.3
[INFO] [stderr]    Compiling quote v0.6.13
[INFO] [stderr]    Compiling quote v1.0.7
[INFO] [stderr]    Compiling idna v0.2.0
[INFO] [stderr]     Checking idna v0.1.5
[INFO] [stderr]     Checking blake2-rfc v0.2.18
[INFO] [stderr]     Checking smallstr v0.1.0
[INFO] [stderr]     Checking addr2line v0.13.0
[INFO] [stderr]     Checking tokio-executor v0.1.10
[INFO] [stderr]     Checking crossbeam-queue v0.2.3
[INFO] [stderr]     Checking ordered-float v1.1.0
[INFO] [stderr]     Checking num-traits v0.1.43
[INFO] [stderr]     Checking num-complex v0.1.43
[INFO] [stderr]     Checking generic-array v0.9.0
[INFO] [stderr]     Checking regex v1.3.9
[INFO] [stderr]     Checking iovec v0.1.4
[INFO] [stderr]     Checking net2 v0.2.35
[INFO] [stderr]     Checking num_cpus v1.13.0
[INFO] [stderr]     Checking parking_lot_core v0.6.2
[INFO] [stderr]     Checking rand v0.4.6
[INFO] [stderr]     Checking time v0.1.44
[INFO] [stderr]     Checking rand v0.5.6
[INFO] [stderr]     Checking rand_os v0.1.3
[INFO] [stderr]     Checking thread-id v3.3.0
[INFO] [stderr]     Checking flate2 v1.0.17
[INFO] [stderr]     Checking atty v0.2.14
[INFO] [stderr]     Checking memmap v0.7.0
[INFO] [stderr]     Checking dirs v1.0.5
[INFO] [stderr]     Checking memchr v1.0.2
[INFO] [stderr]     Checking rpassword v2.1.0
[INFO] [stderr]     Checking backtrace v0.3.50
[INFO] [stderr]    Compiling jobserver v0.1.21
[INFO] [stderr]    Compiling which v1.0.5
[INFO] [stderr]     Checking tokio-timer v0.2.13
[INFO] [stderr]     Checking tokio-current-thread v0.1.7
[INFO] [stderr]     Checking enum_primitive v0.1.1
[INFO] [stderr]     Checking crossbeam-deque v0.7.3
[INFO] [stderr]     Checking url v1.7.2
[INFO] [stderr]    Compiling url v2.1.1
[INFO] [stderr]     Checking bytes v0.4.12
[INFO] [stderr]     Checking digest v0.7.6
[INFO] [stderr]     Checking crypto-mac v0.6.2
[INFO] [stderr]     Checking futures-cpupool v0.1.8
[INFO] [stderr]     Checking parking_lot v0.9.0
[INFO] [stderr]     Checking clap v2.33.3
[INFO] [stderr]     Checking rand_core v0.5.1
[INFO] [stderr]     Checking num-bigint v0.1.44
[INFO] [stderr]     Checking rand v0.3.23
[INFO] [stderr]     Checking term v0.5.2
[INFO] [stderr]     Checking csv v0.15.0
[INFO] [stderr]    Compiling nom v3.2.1
[INFO] [stderr]    Compiling cc v1.0.59
[INFO] [stderr]     Checking sha2 v0.7.1
[INFO] [stderr]     Checking ripemd160 v0.7.0
[INFO] [stderr]     Checking hmac v0.6.3
[INFO] [stderr]     Checking string v0.2.1
[INFO] [stderr]     Checking http v0.1.21
[INFO] [stderr]     Checking rand_chacha v0.2.2
[INFO] [stderr]     Checking prettytable-rs v0.7.0
[INFO] [stderr]    Compiling synstructure v0.12.4
[INFO] [stderr]     Checking num-rational v0.1.42
[INFO] [stderr]     Checking pbkdf2 v0.2.3
[INFO] [stderr]     Checking lmdb-zero v0.4.4
[INFO] [stderr]     Checking parking_lot v0.6.4
[INFO] [stderr]    Compiling cexpr v0.2.3
[INFO] [stderr]     Checking rand v0.7.3
[INFO] [stderr]    Compiling phf_generator v0.7.24
[INFO] [stderr]     Checking num v0.2.1
[INFO] [stderr]     Checking num v0.1.42
[INFO] [stderr]    Compiling phf_codegen v0.7.24
[INFO] [stderr]    Compiling terminfo v0.6.1
[INFO] [stderr]    Compiling libloading v0.5.2
[INFO] [stderr]    Compiling ring v0.13.5
[INFO] [stderr]    Compiling grin_secp256k1zkp v0.7.9
[INFO] [stderr]    Compiling libz-sys v1.1.2
[INFO] [stderr]    Compiling libgit2-sys v0.9.2
[INFO] [stderr]     Checking tempfile v3.1.0
[INFO] [stderr]     Checking ctrlc v3.1.6
[INFO] [stderr]    Compiling thiserror-impl v1.0.20
[INFO] [stderr]    Compiling synstructure v0.10.2
[INFO] [stderr]     Checking failure v0.1.8
[INFO] [stderr]     Checking thiserror v1.0.20
[INFO] [stderr]    Compiling zeroize_derive v0.9.3
[INFO] [stderr]    Compiling strum_macros v0.15.0
[INFO] [stderr]    Compiling easy-jsonrpc-proc-macro-mw v0.5.1
[INFO] [stderr]     Checking zip v0.5.8
[INFO] [stderr]     Checking zeroize v0.9.3
[INFO] [stderr]     Checking webpki v0.18.1
[INFO] [stderr]     Checking sct v0.4.0
[INFO] [stderr]     Checking ct-logs v0.4.0
[INFO] [stderr]     Checking webpki-roots v0.15.0
[INFO] [stderr]     Checking mortal v0.1.5
[INFO] [stderr]     Checking linefeed v0.5.4
[INFO] [stderr]     Checking serde_json v1.0.57
[INFO] [stderr]     Checking serde_yaml v0.8.13
[INFO] [stderr]     Checking chrono v0.4.15
[INFO] [stderr]     Checking serde-value v0.5.3
[INFO] [stderr]     Checking uuid v0.6.5
[INFO] [stderr]     Checking toml v0.4.10
[INFO] [stderr]     Checking uuid v0.7.4
[INFO] [stderr]     Checking tokio-io v0.1.13
[INFO] [stderr]     Checking mio v0.6.22
[INFO] [stderr]     Checking tokio-threadpool v0.1.18
[INFO] [stderr]     Checking env_logger v0.5.13
[INFO] [stderr]     Checking want v0.0.6
[INFO] [stderr]     Checking rustls v0.13.1
[INFO] [stderr]     Checking tokio-codec v0.1.2
[INFO] [stderr]     Checking h2 v0.1.26
[INFO] [stderr]     Checking tokio-io-timeout v0.3.1
[INFO] [stderr]     Checking tokio-fs v0.1.7
[INFO] [stderr]    Compiling toml v0.5.6
[INFO] [stderr]     Checking tokio-reactor v0.1.12
[INFO] [stderr]     Checking mio-uds v0.6.8
[INFO] [stderr]    Compiling git2 v0.10.2
[INFO] [stderr]     Checking log4rs v0.8.3
[INFO] [stderr]     Checking jsonrpc-core v10.1.0
[INFO] [stderr]     Checking tokio-uds v0.2.7
[INFO] [stderr]     Checking tokio-tcp v0.1.4
[INFO] [stderr]     Checking tokio-udp v0.1.6
[INFO] [stderr]     Checking tokio v0.1.11
[INFO] [stderr]     Checking tokio-core v0.1.17
[INFO] [stderr]     Checking easy-jsonrpc-mw v0.5.4
[INFO] [stderr]     Checking grin_util v2.1.0
[INFO] [stderr]     Checking tokio-rustls v0.7.2
[INFO] [stderr]     Checking tokio-retry v0.1.1
[INFO] [stderr]     Checking grin_keychain v2.1.0
[INFO] [stderr]     Checking hyper v0.12.19
[INFO] [stderr]    Compiling built v0.3.2
[INFO] [stderr]     Checking hyper-timeout v0.2.0
[INFO] [stderr]     Checking hyper-rustls v0.14.0
[INFO] [stderr]    Compiling grin_wallet v2.0.1-beta.1 (/opt/rustwide/workdir)
[INFO] [stderr]    Compiling croaring-sys v0.3.9
[INFO] [stderr]     Checking croaring v0.3.9
[INFO] [stderr]     Checking grin_core v2.1.0
[INFO] [stderr]     Checking grin_store v2.1.0
[INFO] [stderr]     Checking grin_chain v2.1.0
[INFO] [stderr]     Checking grin_pool v2.1.0
[INFO] [stderr]     Checking grin_p2p v2.1.0
[INFO] [stderr]     Checking grin_api v2.1.0
[INFO] [stderr]     Checking grin_wallet_util v2.1.0
[INFO] [stderr]     Checking grin_wallet_config v2.1.0
[INFO] [stderr]     Checking grin_wallet_libwallet v2.1.0
[INFO] [stderr]     Checking grin_wallet_impls v2.1.0
[INFO] [stderr]     Checking grin_wallet_api v2.1.0
[INFO] [stderr]     Checking grin_wallet_controller v2.1.0
[INFO] [stdout] error[E0432]: unresolved imports `grin_wallet_impls::WalletSeed`, `grin_wallet_impls::SEED_FILE`
[INFO] [stdout]   --> src/bin/cmd/wallet.rs:19:41
[INFO] [stdout]    |
[INFO] [stdout] 19 | use grin_wallet_impls::{HTTPNodeClient, WalletSeed, SEED_FILE};
[INFO] [stdout]    |                                         ^^^^^^^^^^  ^^^^^^^^^ no `SEED_FILE` in the root
[INFO] [stdout]    |                                         |
[INFO] [stdout]    |                                         no `WalletSeed` in the root
[INFO] [stdout] 
[INFO] [stdout] 
[INFO] [stdout] error[E0432]: unresolved imports `grin_wallet_impls::instantiate_wallet`, `grin_wallet_impls::WalletSeed`
[INFO] [stdout]   --> src/bin/cmd/wallet_args.rs:24:25
[INFO] [stdout]    |
[INFO] [stdout] 24 | use grin_wallet_impls::{instantiate_wallet, WalletSeed};
[INFO] [stdout]    |                         ^^^^^^^^^^^^^^^^^^  ^^^^^^^^^^ no `WalletSeed` in the root
[INFO] [stdout]    |                         |
[INFO] [stdout]    |                         no `instantiate_wallet` in the root
[INFO] [stdout] 
[INFO] [stdout] 
[INFO] [stdout] error[E0432]: unresolved import `grin_wallet_impls::FileWalletCommAdapter`
[INFO] [stdout]   --> src/bin/cmd/wallet_args.rs:36:5
[INFO] [stdout]    |
[INFO] [stdout] 36 | use grin_wallet_impls::FileWalletCommAdapter;
[INFO] [stdout]    |     ^^^^^^^^^^^^^^^^^^^^^^^^^^^^^^^^^^^^^^^^ no `FileWalletCommAdapter` in the root
[INFO] [stdout] 
[INFO] [stdout] 
[INFO] [stdout] error[E0425]: cannot find function `wallet_seed_exists` in module `command`
[INFO] [stdout]    --> src/bin/cmd/wallet_args.rs:343:18
[INFO] [stdout]     |
[INFO] [stdout] 343 |                     if command::wallet_seed_exists(config).is_err() {
[INFO] [stdout]     |                                 ^^^^^^^^^^^^^^^^^^ not found in `command`
[INFO] [stdout] 
[INFO] [stdout] 
[INFO] [stdout] warning: trait objects without an explicit `dyn` are deprecated
[INFO] [stdout]    --> src/bin/cmd/wallet_args.rs:214:23
[INFO] [stdout]     |
[INFO] [stdout] 214 | ) -> Result<Arc<Mutex<WalletInst<impl NodeClient + 'static, keychain::ExtKeychain>>>, ParseError> {
[INFO] [stdout]     |                       ^^^^^^^^^^^^^^^^^^^^^^^^^^^^^^^^^^^^^^^^^^^^^^^^^^^^^^^^^^^^ help: use `dyn`: `dyn WalletInst<impl NodeClient + 'static, keychain::ExtKeychain>`
[INFO] [stdout]     |
[INFO] [stdout]     = note: `#[warn(bare_trait_objects)]` on by default
[INFO] [stdout] 
[INFO] [stdout] 
[INFO] [stdout] error[E0107]: wrong number of type arguments: expected 3, found 2
[INFO] [stdout]    --> src/bin/cmd/wallet_args.rs:214:23
[INFO] [stdout]     |
[INFO] [stdout] 214 | ) -> Result<Arc<Mutex<WalletInst<impl NodeClient + 'static, keychain::ExtKeychain>>>, ParseError> {
[INFO] [stdout]     |                       ^^^^^^^^^^^^^^^^^^^^^^^^^^^^^^^^^^^^^^^^^^^^^^^^^^^^^^^^^^^^ expected 3 type arguments
[INFO] [stdout] 
[INFO] [stdout] 
[INFO] [stdout] error: aborting due to 5 previous errors; 1 warning emitted
[INFO] [stdout] 
[INFO] [stdout] 
[INFO] [stdout] Some errors have detailed explanations: E0107, E0425, E0432.
[INFO] [stdout] 
[INFO] [stdout] For more information about an error, try `rustc --explain E0107`.
[INFO] [stdout] 
[INFO] [stderr] error: could not compile `grin_wallet`.
[INFO] [stderr] 
[INFO] [stderr] To learn more, run the command again with --verbose.
[INFO] [stderr] warning: build failed, waiting for other jobs to finish...
[INFO] [stdout] error[E0432]: unresolved imports `grin_wallet_impls::WalletSeed`, `grin_wallet_impls::SEED_FILE`
[INFO] [stdout]   --> src/bin/cmd/wallet.rs:19:41
[INFO] [stdout]    |
[INFO] [stdout] 19 | use grin_wallet_impls::{HTTPNodeClient, WalletSeed, SEED_FILE};
[INFO] [stdout]    |                                         ^^^^^^^^^^  ^^^^^^^^^ no `SEED_FILE` in the root
[INFO] [stdout]    |                                         |
[INFO] [stdout]    |                                         no `WalletSeed` in the root
[INFO] [stdout] 
[INFO] [stdout] 
[INFO] [stdout] error[E0432]: unresolved imports `grin_wallet_impls::instantiate_wallet`, `grin_wallet_impls::WalletSeed`
[INFO] [stdout]   --> src/bin/cmd/wallet_args.rs:24:25
[INFO] [stdout]    |
[INFO] [stdout] 24 | use grin_wallet_impls::{instantiate_wallet, WalletSeed};
[INFO] [stdout]    |                         ^^^^^^^^^^^^^^^^^^  ^^^^^^^^^^ no `WalletSeed` in the root
[INFO] [stdout]    |                         |
[INFO] [stdout]    |                         no `instantiate_wallet` in the root
[INFO] [stdout] 
[INFO] [stdout] 
[INFO] [stdout] error[E0432]: unresolved import `grin_wallet_impls::WalletSeed`
[INFO] [stdout]   --> src/bin/cmd/wallet_tests.rs:30:39
[INFO] [stdout]    |
[INFO] [stdout] 30 |     use grin_wallet_impls::{LMDBBackend, WalletSeed};
[INFO] [stdout]    |                                          ^^^^^^^^^^ no `WalletSeed` in the root
[INFO] [stdout] 
[INFO] [stdout] 
[INFO] [stdout] error[E0425]: cannot find function `wallet_seed_exists` in module `command`
[INFO] [stdout]    --> src/bin/cmd/wallet_args.rs:343:18
[INFO] [stdout]     |
[INFO] [stdout] 343 |                     if command::wallet_seed_exists(config).is_err() {
[INFO] [stdout]     |                                 ^^^^^^^^^^^^^^^^^^ not found in `command`
[INFO] [stdout] 
[INFO] [stdout] 
[INFO] [stdout] warning: trait objects without an explicit `dyn` are deprecated
[INFO] [stdout]    --> src/bin/cmd/wallet_args.rs:214:23
[INFO] [stdout]     |
[INFO] [stdout] 214 | ) -> Result<Arc<Mutex<WalletInst<impl NodeClient + 'static, keychain::ExtKeychain>>>, ParseError> {
[INFO] [stdout]     |                       ^^^^^^^^^^^^^^^^^^^^^^^^^^^^^^^^^^^^^^^^^^^^^^^^^^^^^^^^^^^^ help: use `dyn`: `dyn WalletInst<impl NodeClient + 'static, keychain::ExtKeychain>`
[INFO] [stdout]     |
[INFO] [stdout]     = note: `#[warn(bare_trait_objects)]` on by default
[INFO] [stdout] 
[INFO] [stdout] 
[INFO] [stdout] warning: trait objects without an explicit `dyn` are deprecated
[INFO] [stdout]    --> src/bin/cmd/wallet_tests.rs:124:24
[INFO] [stdout]     |
[INFO] [stdout] 124 |     ) -> Result<Arc<Mutex<WalletInst<LocalWalletClient, ExtKeychain>>>, grin_wallet_controller::Error>
[INFO] [stdout]     |                           ^^^^^^^^^^^^^^^^^^^^^^^^^^^^^^^^^^^^^^^^^^ help: use `dyn`: `dyn WalletInst<LocalWalletClient, ExtKeychain>`
[INFO] [stdout] 
[INFO] [stdout] 
[INFO] [stdout] error[E0106]: missing lifetime specifier
[INFO] [stdout]    --> src/bin/cmd/wallet_tests.rs:124:35
[INFO] [stdout]     |
[INFO] [stdout] 122 |         passphrase: &str,
[INFO] [stdout]     |                     ----
[INFO] [stdout] 123 |         account: &str,
[INFO] [stdout]     |                  ----
[INFO] [stdout] 124 |     ) -> Result<Arc<Mutex<WalletInst<LocalWalletClient, ExtKeychain>>>, grin_wallet_controller::Error>
[INFO] [stdout]     |                                      ^ expected named lifetime parameter
[INFO] [stdout]     |
[INFO] [stdout]     = help: this function's return type contains a borrowed value, but the signature does not say whether it is borrowed from `passphrase` or `account`
[INFO] [stdout] help: consider introducing a named lifetime parameter
[INFO] [stdout]     |
[INFO] [stdout] 119 |     fn instantiate_wallet<'a>(
[INFO] [stdout] 120 |         mut wallet_config: WalletConfig,
[INFO] [stdout] 121 |         node_client: LocalWalletClient,
[INFO] [stdout] 122 |         passphrase: &'a str,
[INFO] [stdout] 123 |         account: &'a str,
[INFO] [stdout] 124 |     ) -> Result<Arc<Mutex<WalletInst<'a, LocalWalletClient, ExtKeychain>>>, grin_wallet_controller::Error>
[INFO] [stdout]     |
[INFO] [stdout] 
[INFO] [stdout] 
[INFO] [stdout] error[E0107]: wrong number of type arguments: expected 3, found 2
[INFO] [stdout]    --> src/bin/cmd/wallet_args.rs:214:23
[INFO] [stdout]     |
[INFO] [stdout] 214 | ) -> Result<Arc<Mutex<WalletInst<impl NodeClient + 'static, keychain::ExtKeychain>>>, ParseError> {
[INFO] [stdout]     |                       ^^^^^^^^^^^^^^^^^^^^^^^^^^^^^^^^^^^^^^^^^^^^^^^^^^^^^^^^^^^^ expected 3 type arguments
[INFO] [stdout] 
[INFO] [stdout] 
[INFO] [stdout] error[E0107]: wrong number of type arguments: expected 3, found 2
[INFO] [stdout]    --> src/bin/cmd/wallet_tests.rs:124:24
[INFO] [stdout]     |
[INFO] [stdout] 124 |     ) -> Result<Arc<Mutex<WalletInst<LocalWalletClient, ExtKeychain>>>, grin_wallet_controller::Error>
[INFO] [stdout]     |                           ^^^^^^^^^^^^^^^^^^^^^^^^^^^^^^^^^^^^^^^^^^ expected 3 type arguments
[INFO] [stdout] 
[INFO] [stdout] 
[INFO] [stdout] error: aborting due to 7 previous errors; 2 warnings emitted
[INFO] [stdout] 
[INFO] [stdout] 
[INFO] [stdout] Some errors have detailed explanations: E0106, E0107, E0425, E0432.
[INFO] [stdout] 
[INFO] [stdout] For more information about an error, try `rustc --explain E0106`.
[INFO] [stdout] 
[INFO] [stderr] error: build failed
[INFO] running `Command { std: "docker" "inspect" "603597cb053a5bc904fb69a3da3652482f1b59ae3cbde490a701aa80a8f73e64", kill_on_drop: false }`
[INFO] running `Command { std: "docker" "rm" "-f" "603597cb053a5bc904fb69a3da3652482f1b59ae3cbde490a701aa80a8f73e64", kill_on_drop: false }`
[INFO] [stdout] 603597cb053a5bc904fb69a3da3652482f1b59ae3cbde490a701aa80a8f73e64
